 -u**3 + 5*u - 39. Let b be d(-9). Let f = -516 + b. What is the remainder when f is divided by 13?
12
Let f(k) = 292*k + 2045. Let z = -2 - -5. Let w = z + -2. Calculate the remainder when w is divided by f(-7).
0
Let t(k) = 2806*k - 5294. Calculate the remainder when t(7) is divided by 113.
110
Suppose -10*a = 49*a + 11328. Let j = 226 + a. What is the remainder when 779 is divided by j?
31
Suppose 15*n - 516 = 339. Let l be (96 + -3)/(-3) - 2. Let w = l + 48. What is the remainder when n is divided by w?
12
Let a = -3138 + 4204. Calculate the remainder when a is divided by 21.
16
Suppose 57 = 225*i - 222*i. Let z(r) = r**2. Let j be z(2). Suppose -328 + 924 = j*s. Calculate the remainder when s is divided by i.
16
Suppose -494*p = -753*p + 18389. Let g(j) = -7*j - 2 - 2 - 3*j. What is the remainder when p is divided by g(-4)?
35
Let b(l) = -l**3 + 17*l**2 + 68*l - 98. Calculate the remainder when b(20) is divided by -2*(4 + 155/(-10)).
16
Let h(t) = t**2 - t - 3. Let x be (-12)/((13 + -6)/14). Calculate the remainder when (1 - 4)*x/8*13 is divided by h(-4).
15
Suppose -2*y + 5*p = -53, -4*y + 2*p + 42 + 88 = 0. What is the remainder when 1037 is divided by y?
17
Let t = -30923 + 30994. What is the remainder when 7166 is divided by t?
66
Suppose -185*b + 174441 - 38122 = 159. What is the remainder when b is divided by 247?
242
Suppose 5*h + q = 3*q + 1089, 4*q = 2*h - 426. Calculate the remainder when h is divided by 7.
2
Let i(y) = 2 + y - y + 2*y**2 - 7*y. Suppose 6*h - 13*h + 58 = -5. Calculate the remainder when i(5) is divided by h.
8
Suppose 5*l - 3*l - 2356 = 0. Calculate the remainder when l/(-18)*-3 - (-4)/6 is divided by 50.
47
Let n(i) be the third derivative of 0 + 1/8*i**4 + 0*i - 5/6*i**3 + 7*i**2. Calculate the remainder when n(4) is divided by 3.
1
Let n = -4684 - -17327. Suppose 31*s = 2144 + n. Calculate the remainder when s is divided by 12.
9
Suppose -120 + 39 = -3*s. Suppose 13 = q - 5*j, 1 = 5*q + 2*j - 10. What is the remainder when ((-9)/(-6))/(q/104) is divided by s?
25
Suppose 10*u = 15*u - 3*s - 6, 4*u + s + 2 = 0. Suppose 0 = -5*r - 0*r + 5. Suppose -a - r = -u, 3*a = z - 13. What is the remainder when 67 is divided by z?
7
Suppose 4*z + 148 = 3*y - 121, 5*y - 2*z - 453 = 0. What is the remainder when y is divided by 25?
16
Suppose -42026 = -34*a + 22860 + 6174. Calculate the remainder when a is divided by 51.
50
Suppose 344 = 5*h + 2*b - 671, 1015 = 5*h - 2*b. Let c = 204 - h. What is the remainder when 4 is divided by c?
0
Suppose -4*n + 5*y = -7*n + 1970, 3*n + 3*y - 1974 = 0. Suppose -16*g = -g - n. What is the remainder when 150 is divided by g?
18
Let i(u) = -69*u - 155. Let h be i(-6). Let w = -257 + h. Suppose 4*x - 34 = 2*x. Calculate the remainder when x is divided by w.
1
Let g = 12899 - 12859. Calculate the remainder when 2368 is divided by g.
8
Let c be (-4)/6*(-15)/5 + 0. Let b = c - 4. Let h(n) = -6*n + 13. Calculate the remainder when h(b) is divided by 14.
11
Suppose 4*z + 0*z = 360. Calculate the remainder when z is divided by 28/(-6)*150/(-100).
6
Let m = 3342 + -2085. Calculate the remainder when m is divided by 21.
18
Let h(o) = -10*o + 84. Let q be h(8). Suppose 5*u = -q*v + 237, -7*u = 4*v - 4*u - 243. What is the remainder when v is divided by 40?
23
Calculate the remainder when (-28302)/(-212)*(-16)/(-6) is divided by 72.
68
Let u(g) = 4*g**2 - 5*g - 7. Suppose -2108*r + 1916*r + 3456 = 0. Calculate the remainder when u(6) is divided by r.
17
Let r be 13075/125 - (-2)/5. Suppose -3*d - 3 = -0*d, 0 = 4*o - d - r. What is the remainder when 95 is divided by o?
17
Suppose 0 = 4*o + 3*o + 7. Let q(p) = -61*p**3 + 2*p**2 + 2*p + 1. Suppose -320 = -25*b + 5*b. What is the remainder when q(o) is divided by b?
14
Let r = 12 - -11. Let m be (-4)/22 + (134/11 - 3). Suppose 6 = -m*z + 60. Calculate the remainder when r is divided by z.
5
Let g = -1375 + 1480. Suppose -g*q + 7120 = -65*q. What is the remainder when q is divided by 30*(1 + 6/(-10))?
10
Suppose 784 - 7 = 43*g - 125 - 302. Let x(t) = 32*t + 3. What is the remainder when x(6) is divided by g?
27
Suppose f - 16 = -3*f, -r = 2*f - 15. Let y(i) = -45*i**3 + i**2 + 3*i + 5. What is the remainder when y(-2) is divided by r?
6
Suppose -5*x = 2*k - 62, -k = -3*k + x + 74. Let y(c) = 3*c**2 + 317*c - 2223. Calculate the remainder when y(7) is divided by k.
35
Let w(u) = -1236*u - 1310. Calculate the remainder when w(-3) is divided by 60.
58
Let s = -207 - -211. Suppose -5*m = -x + 15, 2*x + s*m - 100 = -0*m. Calculate the remainder when x is divided by 6.
4
Suppose v - 177*l = -174*l + 91, 3*v + 5*l = 189. Calculate the remainder when 1744 is divided by v.
65
Let t be ((-10)/4)/((-23)/8142). Let b = t + -883. Calculate the remainder when 1*(0 + 1 - -6) is divided by b.
1
Let j(w) = 12*w + 141. What is the remainder when 854 is divided by j(-7)?
56
Let k = 34 - 28. Let y(w) = w - 7. Let d be y(k). Let b = d + 14. What is the remainder when 23 is divided by b?
10
Calculate the remainder when -1808*(((-18)/30)/(6/(-15)))/(-3) is divided by 183.
172
Let h = -18062 + 18204. Calculate the remainder when 833 is divided by h.
123
Let o = 19021 + -18352. What is the remainder when o is divided by 77?
53
What is the remainder when 98 is divided by ((-88)/242)/((-2)/11)*119/14?
13
Suppose 4*m - 47 = -2*g + 11, -5*g + 75 = 5*m. What is the remainder when (-1)/6*m*-30 is divided by 24?
22
Suppose 8*j + 1013 = 5*u + 7*j, -2*u + 2*j = -402. Suppose 209*m - u*m = 336. What is the remainder when 268 is divided by m?
44
Let s(j) = j**2 - j - 2. Let x be s(0). Calculate the remainder when ((-1)/x)/((-505)/(-126) - 4) is divided by 17.
12
Suppose -2*q = -173 - 7. Let v = q + 6. Suppose -16 = -7*c + v. What is the remainder when 63 is divided by c?
15
Calculate the remainder when 1928 is divided by -13 - (6768/(-18))/4.
65
Suppose -306 - 112 = 11*a. Let m = -13 - a. What is the remainder when 94 is divided by m?
19
Let o = 143 + -140. What is the remainder when (-3458)/(-234) + 2/9 is divided by o?
0
Let p be (3 + (-52)/12)*-18. Suppose -870 = -9*n + l + l, -3*n + 264 = -5*l. What is the remainder when n is divided by ((-7)/4)/((-2)/p)?
14
Let u(o) = -14*o**3 + 3*o**2 - 21*o - 24. What is the remainder when 360 is divided by u(-1)?
10
Suppose -5*x = 5*p - 1530, 2*x - 900 = -x + 3*p. Calculate the remainder when x is divided by 44 - -20 - ((-3255)/(-1023) - (-4)/(-22)).
59
Suppose -4 = 2*s, -18 + 295 = n - 2*s. Suppose 8 - 23 = -h. Suppose -215 = -6*a + a - 5*v, h = -5*v. Calculate the remainder when n is divided by a.
43
Suppose -4*v + 21 = 3*q, 3*q = -q - v + 41. Suppose 4*d = 41 + q. Suppose -10*p - 69 = -d*p. What is the remainder when 62 is divided by p?
16
Let p = 1178 - 1168. Let m(b) = 2*b + b**2 + 3*b - 2*b - b. What is the remainder when p is divided by m(2)?
2
Let h(f) = f + 2. Suppose 149 = -4*i - 4*o + 53, 5*o = 10. Let u be h(i). Calculate the remainder when 48 is divided by (34/(-4))/(12/u).
14
Suppose 2*y = 5*o - 30, -4*y - 22 = -5*o + 28. Suppose -4*r - 26 = -138. Calculate the remainder when (27/2)/((y/r)/(-5)) is divided by 48.
45
Suppose 3*i - 250*y - 961 = -246*y, -i + 3*y = -317. Calculate the remainder when i is divided by 54.
53
Suppose 136*t - 40225 - 110196 = -11157. Calculate the remainder when t is divided by 9.
7
Let w(i) = i**3 - 41*i**2 + 83*i - 80. What is the remainder when w(39) is divided by 53?
9
Suppose d - 37 = -26. Let a = -276 - -604. What is the remainder when a is divided by d?
9
Let v = 580 + -553. Let h(d) = 9*d**3 + d**2 - 3*d + 3. Calculate the remainder when h(2) is divided by v.
19
Suppose -1124 = -361*t + 315*t + 256. Let w = -118 - -293. Calculate the remainder when w is divided by t.
25
Let n be 2/(-4) + (-1)/(-2). Suppose 0 = 2*i - 4*k - k - 51, 3*i + 4*k - 19 = n. Calculate the remainder when 98 is divided by i.
7
Suppose 11*j + 566 - 1688 = 0. Suppose 15*k - 26 = 13*k. What is the remainder when j is divided by k?
11
Let l be (0 + 9*142)/(36/54). Suppose -l = 9*j - 36*j. What is the remainder when 496 is divided by j?
70
Let h(u) = -u**3 + 13*u**2 + 5*u + 17. Let s(m) = -m**2 - 32*m + 334. What is the remainder when h(13) is divided by s(-40)?
12
Let s be -7 + 4 - 0 - -6. Suppose 19 = s*k - 68. Calculate the r